e n(c).
-13
Let g(d) = -7*d**3 - 15*d**2 - 22*d - 9. Let f be (-24 + 26)/(1/(-3)). Let i(r) = r**3 + r**2 + 2*r. Let t(s) = f*i(s) - g(s). What is t(-8)?
-7
Let k(t) = -t**2 + 4*t + 7. Suppose -4*a + a = 147. Let p = a - -53. Suppose 3*i + j = 14, -2 = i + p*j - 2*j. What is k(i)?
-5
Let k = -9 - -8. Let o(q) = -5*q**3 + q**2 + 9*q + 3. Let s(d) = -d**3 + d**2 + 3*d + 1. Let t(z) = k*o(z) + 4*s(z). Calculate t(-2).
-1
Let x(m) = m**2 + 7*m - 11. Let a be (-2)/(-2) + -2 + 4. Suppose -k - 9 = -a*b, 18 = -5*k + b - 27. Determine x(k).
7
Let s(g) be the first derivative of -g**4/4 - g**3 + 3*g**2/2 + 2*g - 13. Suppose -4*b - 10 = -9*b. Suppose -b*q + 102 - 108 = 0. What is s(q)?
-7
Let l(v) = 2*v - 4. Let a be l(5). Let k(h) = h - 12. Let j(g) = -2*g + 23. Let o be -3 + 0 - (0 - -3). Let u(b) = o*j(b) - 11*k(b). Give u(a).
0
Let l(p) = -p**3 - 3*p**2 + 7. Suppose 73*y - 444 = 62*y - 100*y. What is l(y)?
-105
Let p(c) = -3*c**2 - 38*c - 22. Let v be p(-12). Let k(j) = -v*j + 101 - 48 + j**2 - 55. Let g be -4 + 3 - 10/(-2). Determine k(g).
6
Let i(m) = 2*m + 29. Suppose 0 = -5*t + 18853 - 18898. Give i(t).
11
Let w(p) be the third derivative of 0*p**3 + 0*p + 1/60*p**5 - 1/720*p**6 + 31*p**2 - 1/12*p**4 + 0. Let y(q) be the second derivative of w(q). What is y(1)?
1
Let k(q) = -43*q**3 - 9*q**2 - q + 15. Let h(u) = -7*u**3 - 2*u. Let c(b) = 6*h(b) - k(b). Let j be ((-4)/3)/((-4)/(-30)). Give c(j).
-5
Let d(y) = -y**3 - 11*y**2 + 22*y - 49. Let v be 115/(-9) + ((-70)/84)/(180/48). Give d(v).
3
Let x(l) = 6*l**3 + l**2 - 2*l + 1. Let r(t) = 37*t**3 + 5*t**2 - 11*t + 9. Let i(f) = r(f) - 6*x(f). Suppose -3*u = -u + 38. Let d = -19 - u. Give i(d).
3
Let n(o) be the third derivative of 11*o**4/12 + 97*o**3/6 - 35*o**2 + 92. What is n(-5)?
-13
Let s(f) = -86 + 2*f - 77 + 6*f**2 - 27 + 184. Give s(0).
-6
Let p(c) = -9*c + 20. Suppose 23 = 4*z + o, -2*z - 27*o = -28*o - 13. What is p(z)?
-34
Suppose 23*k - 3*o = 26*k + 42, 5*o - 5 = 0. Let t(m) = -6*m - 99. Calculate t(k).
-9
Let c(r) be the third derivative of r**5/60 + 11*r**4/24 - 109*r**3/6 + 2850*r**2 + 1. What is c(-17)?
-7
Let z(c) = c**2 - 15*c - 2. Let k(g) = g**2 - 58*g - 16. Let w(t) = t**2 - t + 2. Let h(x) = k(x) + 4*w(x). Let d(f) = -2*h(f) + 9*z(f). Determine d(-7).
26
Suppose 5*u - 362 = -2*s, s - 207 = 4*u - 0*u. Let a = 193 - s. Let r(j) = 4*j**2 - j + 2. Determine r(a).
16
Suppose -119*z + t = -118*z - 2, z + 4*t - 17 = 0. Let v(b) = b**3 - b**2 - 13*b + 3. Calculate v(z).
38
Let v = 311 - 316. Let l(i) = -7*i**3 - 17*i**2 - 14*i + 3. Let g(w) = 4*w**3 + 9*w**2 + 7*w - 2. Let o(c) = v*g(c) - 3*l(c). Calculate o(-5).
-9
Let n(v) be the first derivative of -v**3/3 - 5*v**2 - 8*v + 1529. Let u = -19 - -13. Determine n(u).
16
Let v(p) = p**3 - 2*p**2 - 8*p + 22. Let w be v(2). Let d(j) = j**2 - 2*j + 9. Determine d(w).
33
Let s be 10*(1 - (-2 + 2)). Suppose 0 = -o + 6*o + s. Let j(f) be the second derivative of -f**4/12 - f**3/2 + f**2/2 + 26*f - 85. Determine j(o).
3
Suppose 2*k + 28 = -0. Let p be 8 - 6 - (k - -4). Let o(f) = -f + 5. Determine o(p).
-7
Suppose -165 = 26*u + 2*u + 5*u. Let s(z) = -z**3 - 5*z**2 + 4*z + 16. Calculate s(u).
-4
Let k(v) = 51*v**2 + 41*v - 3. Let z(t) = 101*t**2 + 95*t - 6. Let m(g) = -7*k(g) + 3*z(g). Give m(1).
-53
Let g(y) = y**2 + 13*y - 33. Let v(h) = h**2 - 6*h + 12. Let q(k) = -2*g(k) - 5*v(k). Determine q(-1).
-5
Let f(w) = -21*w + 173. Let i(m) = 11*m - 92. Let y(h) = -8*f(h) - 15*i(h). Calculate y(6).
14
Suppose -4*s - 4 - 4 = 0. Let v = 1 + s. Let w be -4 - (v - (-12)/9)*-3. Let r(h) = -h**3 - 5*h**2 - 3*h - 4. Give r(w).
-13
Suppose 53*g = -6*g - 236. Let r(y) = y**2 + 6*y + 5. Give r(g).
-3
Let l(h) = -9*h. Suppose -2*p = 4*p + 12. Let y be l(p). Let u(m) = -20*m**2 - 1 - y*m**2 - 20*m**2 + 65*m**2 + m**3. Give u(-7).
-1
Let u(f) be the first derivative of f**7/840 + f**6/120 - f**5/40 - f**4/12 + 5*f**3 - f**2 - 36. Let i(a) be the third derivative of u(a). Give i(-3).
7
Let v(q) = 2*q**2 - q. Suppose 8*i + 20 + 4 = 0. Let j be 10/15 - (i/9 - -2). What is v(j)?
3
Let q(t) = 467*t**2 - 2 + 4*t - 1 - 469*t**2. Let b = -20 - -36. Suppose -5*o - 1 = -b. Determine q(o).
-9
Let q(m) = -m - 89 + 27 + 30 + 31. Let r(f) = 2*f**3 + 2*f**2 - 16*f + 10. Let c be r(0). Determine q(c).
-11
Let p(v) be the second derivative of -v**3/6 - 12*v**2 - 671*v. Give p(-24).
0
Suppose -j = 3*j. Suppose j = -7*g + 2*g. Let u(y) = -4*y**2 + 3*y + 6. Let x(v) = 3*v**2 - 2*v - 9. Let m(r) = -2*u(r) - 3*x(r). Calculate m(g).
15
Let t(b) = b**2 + b + 1. Let f be -18 + 17 - -2*(-21)/(-6). Let z(d) = -7*d**2 + 2*d - 12. Let i(u) = f*t(u) + z(u). Give i(7).
1
Let q(x) = -x**3 - 6*x**2 - 3*x + 12. Let y be q(-5). Let n(v) = y*v - 168 - 162 + 327. Let m be (-4)/(-5)*(-5)/(-2). Determine n(m).
1
Let l(d) = -3*d + 1. Let m(f) = 3. Let p(r) = -l(r) + m(r). Let y(a) = 6*a - 40. Let x be y(7). Determine p(x).
8
Let g be (-31 - -28)*(-340)/(-6). Let f be (-22)/(-6) + (6 - g/(-30)). Let o(y) = -4*y**2 + 5*y + 3. Give o(f).
-41
Let y(a) = 0*a - a + 70*a**2 - 1 + 74*a**2 - 212*a**2 + 67*a**2. Determine y(-3).
-7
Suppose 36*k = 7*k + 174. Let s(u) = -9*u + 41 - 5 + k*u + 5*u. Give s(-17).
2
Let i(c) = c**3 + 17*c**2 - 18*c + 2. Let l be 256/(-14) - (-2)/7. Let v be i(l). Suppose v*g = w - 12, 3*g + 0*g = -5*w + 8. Let s(x) = -x - 3. Determine s(g).
1
Let g = -4868 - -4862. Let z(y) = 53*y + 315. Give z(g).
-3
Let o(z) = 2*z**3 + 4*z**2 + 6*z + 4. Let i(f) = -288*f + 286. Let g be i(1). Calculate o(g).
-8
Let g(d) = 14*d + 81. Let x be g(-6). Let q(m) = -6*m**2 - 2*m - 6. Give q(x).
-54
Let p(u) = -15*u**2 + 17*u - 72. Let l(g) = 4*g**2 - 4*g + 18. Let z(a) = 11*l(a) + 3*p(a). Calculate z(5).
-8
Let x(z) = z**2 + 11*z - 22. Suppose 4*s + 5*i + 69 = 0, -3*i = 251*s - 253*s - 29. Calculate x(s).
58
Suppose -f + 0 = 3. Let j(d) = -7*d**2 - 7*d - 2. Let x(a) = a**2 + 30 - 62 + a + 32. Let s(m) = -j(m) - 6*x(m). Give s(f).
8
Let d(k) = 6*k - 6. Suppose 0 = -29*z + 5391 - 345. Suppose z = 33*f - 4*f. Determine d(f).
30
Suppose -5*z = -4*z - 4. Suppose 4*y = 8, -y = -z*c - 39 + 9. Let f(o) = -o**3 - 6*o**2 + 9*o + 7. What is f(c)?
-7
Let w(h) = -5*h + 19. Let a = -1463 + 1473. Calculate w(a).
-31
Let h = 4464 + -4459. Let n(u) = -u. Let z(f) = -f**2 + 4*f - 10. Let c(x) = -4*n(x) + z(x). Give c(h).
5
Let d(a) be the first derivative of -a**2/2 + 10*a - 6. Let b = 79 - 76. Suppose b*k - 63 = -4*k. Calculate d(k).
1
Let w(u) = -6 + 2974*u - 1485*u - 1493*u. Determine w(-13).
46
Let p = 1 - 3. Let v(g) be the first derivative of -g**5/120 + 2*g**3/3 + 11*g + 64. Let r(y) be the third derivative of v(y). What is r(p)?
2
Let h be (-2 - -1)/1 - -3. Let c(y) = 0*y - 5*y + 59 - 102 - 2*y + 42. Calculate c(h).
-15
Suppose -l - 5*i + 14 = 0, -3*i = -4*l + 2*i + 31. Let p(s) = s - 24. What is p(l)?
-15
Let t(l) be the first derivative of l**2/2 + l - 4121. Let i(q) = q**3 - 7*q**2 + 4*q - 8. Let u be i(6). Let r be u/(-3) - 2/(-6). What is t(r)?
8
Let a = 1239 + -1231. Let i(u) = -u**2 + 7*u - 2. Give i(a).
-10
Let w(x) = 220*x - 125*x - 6*x**3 - 97*x + 1 + x**2. Give w(1).
-6
Let o(y) = -5*y - 5 + 16*y + 3 + 5. Let q(p) = -7*p - 3. Let j(g) = -4*o(g) - 6*q(g). Give j(9).
-12
Let z(o) be the first derivative of o**4/4 + 2*o**3 - 4*o**2 - 10*o + 2249. Determine z(-7).
-3
Let y(a) = -3598*a - 3457*a - 539 + 7065*a. What is y(54)?
1
Let o(f) = -2*f**3 - 4*f - 1. Let a be (2 + 21/(-3))/(((-150)/(-9))/(-10)). What is o(a)?
-67
Let o(w) be the first derivative of w**4/4 + 7*w**3/3 + 3*w**2/2 - 8*w + 468. Give o(-7).
-29
Suppose -4*r - 5*m + 20 = -9*r, 3*m + 2 = -4*r. Let i(o) = 8*o**2 + 7*o + 5. Give i(r).
23
Let j(x) = 8*x**2 + 13*x + x - 9 + 8*x - 13*x**2 - 27*x - x**3. What is j(-4)?
-5
Let q(y) = -81 + 37*y**3 - 2*y + 43*y**2 + 39*y**3 - 94*y**3 + 19*y**3. Calculate q(-43).
5
Let g(q) = -q**3 - 7*q**2 - q + 7. Let h(x) = -4*x**2 + 306*x - 159. Let d be h(76). What is g(d)?
14
Let s(u) be the first derivative of -u**4/4 - 9*u**3 + 29*u**2 - 14*u - 1083. Give s(-29).
-14
Let n(h) = 7*h**2 + 208*h - 56. Let u(o) = 3*o**2 - 121*o - 112. Let f be u(41). Determine n(f).
4
Let h(l) = -l**3 + 5*l**2 - 3*l. Suppose 3*j - 39 = -27. Suppose 0 = -2*d - 2, -3*i + j*d = -7*i - 16. Let q be -4 + (-22)/(-2) + i. What is h(q